{"id":585,"date":"2016-03-06T13:53:04","date_gmt":"2016-03-06T12:53:04","guid":{"rendered":"http:\/\/bildhauer-jehn.de\/galerie\/?page_id=585"},"modified":"2016-03-28T10:38:56","modified_gmt":"2016-03-28T08:38:56","slug":"neue-seite","status":"publish","type":"page","link":"https:\/\/bildhauer-jehn.de\/galerie\/?page_id=585","title":{"rendered":"exponaRt"},"content":{"rendered":"<h1>exponaRt<\/h1>\n<p>Die K\u00fcnstlergruppe exponaRt besteht aus 10 Holzbildhauern und Holzgestaltern mit unterschiedlichen Stilen und Arbeitsweisen. Unsere Ziele sind gemeinschaftliches Arbeiten, gegenseitige Hilfe und voneinander Lernen. Dabei ist uns die st\u00e4ndige qualitative, inhaltliche und handwerkliche Weiterentwicklung unserer Arbeiten besonders wichtig. Wir f\u00fchren gemeinsam Symposien, Ausstellungen und Auftr\u00e4ge durch und sind in der Lage, auch gr\u00f6\u00dfere Projekte in kurzer Zeit auszuf\u00fchren. Ein wichtiger Aspekt in unserem Wirken liegt in der Zusammenarbeit mit deutschen und internationalen Bildhauern, die wir regelm\u00e4\u00dfig zu unseren Aktivit\u00e4ten als G\u00e4ste einladen.<\/p>\n<div class=\"nivo-content\"><div class=\"nivo-wrapper\"><div class=\"nivo-slider\" id=\"nivo-slider-5851\" style=\"max-height:450px;\"><img decoding=\"async\" src=\"https:\/\/bildhauer-jehn.de\/galerie\/wp-content\/uploads\/2016\/03\/exponart091-822x450.jpg\" title=\"\" alt=\"\" \/><img decoding=\"async\" src=\"https:\/\/bildhauer-jehn.de\/galerie\/wp-content\/uploads\/2016\/03\/exponart081-822x450.jpg\" title=\"\" alt=\"\" \/><img decoding=\"async\" src=\"https:\/\/bildhauer-jehn.de\/galerie\/wp-content\/uploads\/2016\/03\/exponart071-822x450.jpg\" title=\"\" alt=\"\" \/><img decoding=\"async\" src=\"https:\/\/bildhauer-jehn.de\/galerie\/wp-content\/uploads\/2016\/03\/exponart061-822x450.jpg\" title=\"\" alt=\"\" \/><img decoding=\"async\" src=\"https:\/\/bildhauer-jehn.de\/galerie\/wp-content\/uploads\/2016\/03\/exponart051-822x450.jpg\" title=\"\" alt=\"\" \/><img decoding=\"async\" src=\"https:\/\/bildhauer-jehn.de\/galerie\/wp-content\/uploads\/2016\/03\/exponart031-822x450.jpg\" title=\"\" alt=\"\" \/><img decoding=\"async\" src=\"https:\/\/bildhauer-jehn.de\/galerie\/wp-content\/uploads\/2016\/03\/exponart041-822x450.jpg\" title=\"\" alt=\"\" \/><img decoding=\"async\" src=\"https:\/\/bildhauer-jehn.de\/galerie\/wp-content\/uploads\/2016\/03\/exponart021-822x450.jpg\" title=\"\" alt=\"\" \/><img decoding=\"async\" src=\"https:\/\/bildhauer-jehn.de\/galerie\/wp-content\/uploads\/2016\/03\/exponart011-822x450.jpg\" title=\"\" alt=\"\" \/><\/div><\/div><\/div>\n<p><a href=\"http:\/\/www.exponart.de\">http:\/\/www.exponart.de<\/a><\/p>\n<p>&nbsp;<\/p>\n","protected":false},"excerpt":{"rendered":"<p>exponaRt Die K\u00fcnstlergruppe exponaRt besteht aus 10 Holzbildhauern und Holzgestaltern mit unterschiedlichen Stilen und Arbeitsweisen. Unsere Ziele sind gemeinschaftliches Arbeiten, [&hellip;]<\/p>\n","protected":false},"author":1,"featured_media":0,"parent":0,"menu_order":0,"comment_status":"closed","ping_status":"closed","template":"","meta":{"footnotes":""},"class_list":["post-585","page","type-page","status-publish","hentry"],"_links":{"self":[{"href":"https:\/\/bildhauer-jehn.de\/galerie\/index.php?rest_route=\/wp\/v2\/pages\/585","targetHints":{"allow":["GET"]}}],"collection":[{"href":"https:\/\/bildhauer-jehn.de\/galerie\/index.php?rest_route=\/wp\/v2\/pages"}],"about":[{"href":"https:\/\/bildhauer-jehn.de\/galerie\/index.php?rest_route=\/wp\/v2\/types\/page"}],"author":[{"embeddable":true,"href":"https:\/\/bildhauer-jehn.de\/galerie\/index.php?rest_route=\/wp\/v2\/users\/1"}],"replies":[{"embeddable":true,"href":"https:\/\/bildhauer-jehn.de\/galerie\/index.php?rest_route=%2Fwp%2Fv2%2Fcomments&post=585"}],"version-history":[{"count":9,"href":"https:\/\/bildhauer-jehn.de\/galerie\/index.php?rest_route=\/wp\/v2\/pages\/585\/revisions"}],"predecessor-version":[{"id":1172,"href":"https:\/\/bildhauer-jehn.de\/galerie\/index.php?rest_route=\/wp\/v2\/pages\/585\/revisions\/1172"}],"wp:attachment":[{"href":"https:\/\/bildhauer-jehn.de\/galerie\/index.php?rest_route=%2Fwp%2Fv2%2Fmedia&parent=585"}],"curies":[{"name":"wp","href":"https:\/\/api.w.org\/{rel}","templated":true}]}}

<h1>exponaRt</h1>
<p>Die Künstlergruppe exponaRt besteht aus 10 Holzbildhauern und Holzgestaltern mit unterschiedlichen Stilen und Arbeitsweisen. Unsere Ziele sind gemeinschaftliches Arbeiten, gegenseitige Hilfe und voneinander Lernen. Dabei ist uns die ständige qualitative, inhaltliche und handwerkliche Weiterentwicklung unserer Arbeiten besonders wichtig. Wir führen gemeinsam Symposien, Ausstellungen und Aufträge durch und sind in der Lage, auch größere Projekte in kurzer Zeit auszuführen. Ein wichtiger Aspekt in unserem Wirken liegt in der Zusammenarbeit mit deutschen und internationalen Bildhauern, die wir regelmäßig zu unseren Aktivitäten als Gäste einladen.</p>
<div class="nivo-content"><div class="nivo-wrapper"><div class="nivo-slider" id="nivo-slider-5851" style="max-height:450px;"><img decoding="async" src="https://bildhauer-jehn.de/galerie/wp-content/uploads/2016/03/exponart091-822x450.jpg" title="" alt="" /><img decoding="async" src="https://bildhauer-jehn.de/galerie/wp-content/uploads/2016/03/exponart081-822x450.jpg" title="" alt="" /><img decoding="async" src="https://bildhauer-jehn.de/galerie/wp-content/uploads/2016/03/exponart071-822x450.jpg" title="" alt="" /><img decoding="async" src="https://bildhauer-jehn.de/galerie/wp-content/uploads/2016/03/exponart061-822x450.jpg" title="" alt="" /><img decoding="async" src="https://bildhauer-jehn.de/galerie/wp-content/uploads/2016/03/exponart051-822x450.jpg" title="" alt="" /><img decoding="async" src="https://bildhauer-jehn.de/galerie/wp-content/uploads/2016/03/exponart031-822x450.jpg" title="" alt="" /><img decoding="async" src="https://bildhauer-jehn.de/galerie/wp-content/uploads/2016/03/exponart041-822x450.jpg" title="" alt="" /><img decoding="async" src="https://bildhauer-jehn.de/galerie/wp-content/uploads/2016/03/exponart021-822x450.jpg" title="" alt="" /><img decoding="async" src="https://bildhauer-jehn.de/galerie/wp-content/uploads/2016/03/exponart011-822x450.jpg" title="" alt="" /></div></div></div>
<p><a href="http://www.exponart.de">http://www.exponart.de</a></p>
<p>&nbsp;</p>

<p>exponaRt Die Künstlergruppe exponaRt besteht aus 10 Holzbildhauern und Holzgestaltern mit unterschiedlichen Stilen und Arbeitsweisen. Unsere Ziele sind gemeinschaftliches Arbeiten, [&hellip;]</p>
